mber?
True
Is 19854111581 prime?
True
Is 10007123251 prime?
True
Is 1181115323 composite?
False
Is 51288113 a composite number?
True
Is 16032885047 composite?
False
Is 395121481 composite?
False
Is 3703201349 composite?
False
Is 2687406199 composite?
False
Is 659267977 prime?
False
Is 26885355373 a prime number?
False
Is 1083787891 prime?
False
Is 306944101 a composite number?
True
Is 3434334247 composite?
False
Is 2370918757 a composite number?
False
Is 89065928869 a composite number?
False
Is 21733276399 composite?
True
Is 137048133241 a composite number?
True
Is 13725420367 a composite number?
False
Is 240586103 a prime number?
False
Is 8646445523 a composite number?
False
Is 266267731 a prime number?
True
Is 262835473 a composite number?
False
Is 21985596367 a composite number?
True
Is 318662508877 prime?
True
Is 3773205629 a prime number?
False
Is 9756874739 prime?
False
Is 3010307593 composite?
True
Is 409436473 composite?
False
Is 29163629233 a composite number?
True
Is 30195610733 a prime number?
True
Is 9969676609 prime?
True
Is 18035933557 a prime number?
True
Is 1373585621 prime?
False
Is 271932070505 composite?
True
Is 3616644077 prime?
True
Is 27705114739 composite?
False
Is 1041783527 prime?
False
Is 5714268169 a prime number?
False
Is 3929178683 a composite number?
False
Is 3856795781 prime?
False
Is 4807597 composite?
True
Is 1095680189 prime?
True
Is 8588027935 a prime number?
False
Is 1605534577 composite?
True
Is 1078986215 composite?
True
Is 1809383551 prime?
False
Is 527004383 composite?
False
Is 71861489867 a prime number?
True
Is 82365376661 a prime number?
False
Is 378212843 composite?
True
Is 293959201 a composite number?
False
Is 30102245801 a prime number?
True
Is 11630821219 a composite number?
False
Is 297012340307 a prime number?
True
Is 17876978121 prime?
False
Is 555977633 prime?
True
Is 81011046827 prime?
True
Is 43127790949 prime?
False
Is 3554852323 a prime number?
False
Is 4606538663 composite?
True
Is 1378133069 a composite number?
False
Is 24203377859 composite?
False
Is 38380993867 prime?
False
Is 902442067 prime?
True
Is 23868337 a composite number?
False
Is 51106660519 a composite number?
True
Is 189058231 composite?
True
Is 70187874593 a prime number?
False
Is 3154504537 composite?
False
Is 17959152073 composite?
True
Is 3657952283 prime?
True
Is 21552376763 prime?
False
Is 5694902513 composite?
False
Is 931699687 a prime number?
False
Is 21720498871 prime?
True
Is 112909307 a prime number?
False
Is 37490449 a composite number?
True
Is 473702387 composite?
False
Is 861838931 prime?
True
Is 2772053381 composite?
False
Is 15523327081 a prime number?
True
Is 27639809 composite?
True
Is 8175201083 a composite number?
True
Is 760091447 a prime number?
False
Is 13180760081 prime?
True
Is 44070072269 a composite number?
True
Is 65092925603 prime?
True
Is 52047176527 prime?
True
Is 15271538407 a prime number?
True
Is 528153511 a prime number?
True
Is 6521341543 a prime number?
True
Is 24666912173 prime?
True
Is 400591631 a prime number?
False
Is 269074573 composite?
True
Is 2228460881 prime?
True
Is 12882058351 prime?
False
Is 3139700723 composite?
False
Is 4455551231 composite?
True
Is 45886964209 prime?
False
Is 2575194959 a composite number?
True
Is 132383827 prime?
False
Is 497257841 a composite number?
True
Is 1051457879 composite?
False
Is 136392106283 prime?
True
Is 6717483623 prime?
True
Is 263696243 prime?
False
Is 3356798983 composite?
True
Is 13090797427 a composite number?
True
Is 127292420131 a prime number?
False
Is 3512497243 a prime number?
False
Is 40731399589 prime?
True
Is 88981159793 composite?
False
Is 10707520453 composite?
True
Is 11458876771 a prime number?
False
Is 1286883233 prime?
True
Is 48865987291 a composite number?
True
Is 1058284519 prime?
True
Is 37193688131 prime?
True
Is 9476100121 composite?
False
Is 9733951519 composite?
False
Is 619772693 a composite number?
False
Is 7558332037 prime?
True
Is 52513759 composite?
False
Is 571852801 composite?
True
Is 84263701 composite?
False
Is 3049598479 prime?
False
Is 4129323481 composite?
False
Is 47171236183 prime?
False
Is 1634967039 a prime number?
False
Is 320301841853 composite?
True
Is 349595017 a prime number?
True
Is 74772891091 a prime number?
False
Is 48154685155 a prime number?
False
Is 1161185579 a prime number?
True
Is 22909190347 a prime number?
True
Is 1002445747 a prime number?
False
Is 16795448047 prime?
False
Is 1822562977 a prime number?
True
Is 39781488647 prime?
False
Is 2456190551 a composite number?
False
Is 161043091403 a prime number?
False
Is 2025785561 composite?
True
Is 8640674957 a prime number?
True
Is 252880589723 a prime number?
True
Is 969680909 a composite number?
True
Is 8784779 prime?
True
Is 45635637601 a composite number?
False
Is 152451989 a prime number?
True
Is 5192807621 a composite number?
True
Is 772902619 prime?
True
Is 265049570287 prime?
True
Is 11276657911 a prime number?
True
Is 10693640935 a composite number?
True
Is 96260938 prime?
False
Is 519719489 prime?
True
Is 3928703189 composite?
True
Is 14433522487 prime?
True
Is 28915382189 a prime number?
False
Is 1688843477 a prime number?
True
Is 2542517423 composite?
False
Is 1122030653 a composite number?
True
Is 17223145091 prime?
True
Is 271071571 prime?
True
Is 167020769 prime?
True
Is 273437917 a prime number?
False
Is 15692795317 a prime number?
False
Is 83649991 a composite number?
True
Is 2709406019 a composite number?
True
Is 1228060727 composite?
False
Is 2917108603 a composite number?
False
Is 1154816027 a composite number?
True
Is 15609566411 a composite number?
True
Is 11983634041 prime?
False
Is 525870509 prime?
True
Is 231858521603 prime?
False
Is 323461169 composite?
False
Is 76825107019 prime?
False
Is 263150113 a prime number?
False
Is 8880527681 a composite number?
True
Is 2297047549 a prime number?
True
Is 16476392371 composite?
True
Is 7015470299 composite?
False
Is 24518288869 composite?
False
Is 70250344891 composite?
True
Is 1002221939 a composite number?
False
Is 3201472979 a composite number?
False
Is 71537018977 composite?
True
Is 28224675041 prime?
True
Is 4202643209 a prime number?
False
Is 932527319 a prime number?
True
Is 3816955411 prime?
True
Is 3174722381 prime?
True
Is 74639059 prime?
False
Is 12876891089 prime?
True
Is 268346442269 a prime number?
True
Is 28877245739 a composite number?
False
Is 1291294353 prime?
False
Is 162441360919 composite?
True
Is 1489604433 a prime number?
False
Is 57550459433 a prime number?
True
Is 1109336507 prime?
False
Is 948033781 a prime number?
False
Is 33291359099 prime?
False
Is 45857118019 a prime number?
False
Is 14566109603 a prime number?
False
Is 215315117 composite?
False
Is 4242066643 composite?
True
Is 22844250979 a composite number?
True
Is 2745962231 prime?
True
Is 70249668989 a composite number?
False
Is 11924280763 composite?
False
Is 1556285267 a prime number?
False
Is 2835691187 a composite number?
True
Is 2211020563 composite?
False
Is 91254139 prime?
True
Is 85138203373 a prime number?
True
Is 918167905 composite?
True
Is 27022131497 a composite number?
True
Is 3600219919 a prime number?
False
Is 18619844849 a composite number?
True
Is 63163143871 a composite number?
False
Is 4033625111 prime?
False
Is 3401747911 a composite number?
False
Is 66338141123 a composite number?
False
Is 13709482097 composite?
True
Is 89757709 prime?
True
Is 66020891 a composite number?
True
Is 319388849 composite?
True
Is 1636120853 composite?
True
Is 6403628657 a composite number?
False
Is 15034034273 prime?
True
Is 19943845289 composite?
False
Is 518088358 a composite number?
True
Is 85601353 a composite number?
False
Is 1040891089 prime?
False
Is 340641187 prime?
False
Is 135641729101 prime?
True
Is 105106658113 composite?
False
Is 27991685669 a prime number?
True
Is 659029027 prime?
False
Is 22515426559 a prime number?
True
Is 1997134513 composite?
True
Is 2078184643 a prime number?
False
Is 2478146579 a composite number?
False
Is 14381354551 composite?
False
Is 16390132589 a composite number?
False
Is 15062623129 a composite number?
False
Is 27617176273 a composite number?
True
Is 100264445 composite?
True
Is 1124427037 a composite number?
True
Is 6390549722 composi